12) - -20?
64
Evaluate (-3 - 29) + (328 - 386).
-90
What is the value of -7 + (11 - -4) - (-69 - -110)?
-33
Calculate (-51 - (22 + (-6 - 29))) + 2.
-36
What is (3 + -13 - -6) + (2 - 5) - (45 + -37)?
-15
What is the value of (142 - (216 - 72)) + (-31 - 2 - 1 - 1)?
-37
What is (-5 - 3) + (-10 - (7 - 1) - -10 - 10)?
-24
What is (6 - -3) + -2 - (-66 + 147 - 43)?
-31
Evaluate -1 - 0 - (-13 + (-55 - -49) + 5 + 10).
3
-10 + (149 - 188) + (47 - -2)
0
What is the value of 40 + 0 - (-10798 - -10895)?
-57
What is -7 + 2 - (3 + -44 - -28)?
8
Calculate -22 + (11 - 9) - (-15 - -18).
-23
Evaluate (-476 + 488 - (0 + 22)) + 15.
5
What is 7 + -75 + 1 + 15 + (-77 - -66)?
-63
What is the value of (41 - (26 - -23) - 17) + 10 + -1?
-16
Calculate (-37 - -42) + (-44 - 0) + 5 + 2.
-32
29 + -6 + 20 + -5 + -9 + 12
41
(12 - 14 - -11) + (5 - 17) - -3
0
What is the value of -18 + 23 + 2 + -9 + (-13 - (-24 - -11))?
-2
Calculate (11 - 30) + (19 + 24 - 45).
-21
Evaluate -120 + (246 - (-111 + 176)).
61
-62 - -103 - (35 - 5)
11
Evaluate -9 + -11 + 58 + (-43 - -23).
18
What is -65 + -25 + 68 + -39 + -43?
-104
Evaluate 3 + -3 - 3 - 7 - (-1 + (-26 - -50)).
-33
Calculate (-10 - (2 + -3 - 17)) + 2 - (0 + 87).
-77
What is the value of 72 - (-35 + (107 - 55))?
55
Calculate 0 - 56 - (2550 + -2579).
-27
What is -63 + -103 + 93 + 10?
-63
What is 63 + (-141 - (-10 - 125))?
57
(0 - 48) + 589 + -599 + -6
-64
What is the value of (242 + -265 - (2 + -9)) + -12?
-28
What is -22 + 12 + (-108 - -14 - -21)?
-83
(-45 - (-55 - -19)) + 64
55
What is (7 + 49 - 5) + 27 + 5?
83
What is 23 + (0 - 0) - (38 - (-22 - -60) - 9)?
32
79 - (14 + (151 - -31))
-117
What is the value of 59 + (4 + -24 - -13)?
52
What is the value of 37 - (-3 + 25 - 36)?
51
What is the value of -82 - (-71 + -83 + 29)?
43
2 + (23 - (-8 + 5))
28
What is the value of 21 + 20 + -3 + 9 + 18?
65
Evaluate -27 + (3 - (2 - 0)) + (15 - (-14 + 39)).
-36
What is 27 + (55 - 60) - 43?
-21
Evaluate (9 - -2) + (-1216 - -1240).
35
What is the value of 32 - (-88 + 115 - (1 + 1))?
7
Calculate -2 - -15 - ((-8 - 0) + 19 - (16 - -5)).
23
Calculate 696 + -663 - (1 - 6).
38
Evaluate (0 - (65 - -2)) + 68 + -44 + -19.
-62
What is the value of 0 + (19 + -13 - 13) + (-1 - -16) + 0?
8
48 + (-229 - (93 + -222))
-52
Calculate 9 + (-8 + 24 + -11 - 37 - -2).
-21
Evaluate -17 + 2 - (-824 + 750).
59
What is -5 - (-2 - 46 - (176 - 150))?
69
Evaluate -1 + -10 - (6 - 1 - (432 + -481)).
-65
Evaluate 55 - ((11 - (17 + -18)) + 13 + -13).
43
-60 + (19 - -10) + -27 + (-7 - -13)
-52
What is 4 + -28 + 0 + 13 + -15 - 13?
-39
-10 + (127 - (14 + -7 + 12 + -5 - 8))
111
Evaluate 42 + 1 + -13 + -16 + 56 + -1 + -20.
49
What is the value of -17 + 6 + (1 + 26 - (7 + 18 - 27))?
18
Calculate 9 - ((44 - 13) + 21) - -23.
-20
Calculate -44 + -52 + (48 - (6 + 20)).
-74
What is the value of 43 + -117 + 8 + 22?
-44
Calculate 9 - (1 + -29 + 27).
10
What is 256 + -295 + (4 - (4 + 1))?
-40
Evaluate 17 - (42 - (48 - -14)).
37
Calculate 7 - 7 - (11 - ((13 - 14) + 2)).
-10
What is 546 - 520 - (-5 + -5 - 25)?
61
Evaluate -32 + (-30 + 26 - -7) + -19.
-48
What is -2 + 13 + 135 + -129 + 42?
59
What is the value of 0 + -51 + (-560 - -599) + (17 - 0)?
5
-8249 + 8130 - (-48 + 3)
-74
Calculate (-47 - -106) + -12 + -5 + (0 - -2).
44
Evaluate 11 - (9 - (-25 - (2 - -11))) - (5 + -17).
-24
Calculate -95 + (-49 - -36 - -15) + (-3 - -1) + 2.
-93
Evaluate 237 + -232 + (-17 - 72).
-84
What is (-1 - 13) + -5 - (-22 - (16 + -105))?
-86
What is 52 + (-191 - -228) - (19 - 0)?
70
What is 6 + (6 - 76) + 22 + -18?
-60
What is (7 - (-13 + 9)) + 0 + 22 + 14?
47
What is (6 - (21 + (0 - 16))) + -76 - 19?
-94
What is (-4 + 23 + -15 - 36 - -7) + 16?
-9
Evaluate 7302 + -7316 - (-2 - (-3 + 2) - 54).
41
What is the value of 5 + -2 + -9 + -51 + 48?
-9
Calculate -1 + (0 - 1) - (-18 + (26 - 16)) - 10.
-4
-17 - -19 - 18 - (2 - ((5 - 4) + -1))
-18
What is the value of -9 + (3 - (-1 + (-8 - -6))) - (1 + -7)?
3
What is the value of 3 + 2 + (-87 - 9) + (-21 - -32)?
-80
What is -29 - ((36 - 16) + (-100 - -12))?
39
What is the value of 40 + -109 + 97 + -91?
-63
What is (6 - (-39 + 31) - -49) + 5?
68
What is the value of (1 - 3) + (47 - 145) + 97?
-3
12 + (17 - (45 - 76))
60
Evaluate 0 - (34 - 9) - -16 - -3 - (-13 - -1).
6
Calculate 0 - 16 - (14 + 13 + -7 + -12).
-24
30 + 11 + (-29 - -18) + 22
52
What is 5 + (73 - 43) + -32 + -105?
-102
What is -28 + (-234 + 253 - (-104 - 2))?
97
-3 - (-3 - -16) - (15 + (-39 - -12) + 17)
-21
-4 + -11 + -2 + 35
18
What is (-2 - -3) + (-12 - -1) - (-981 - -1046)?
-75
What is 90 + -20 - (-51 + (-1 - -16))?
106
What is -120 + 38 + 3 + 3 + -13 + 13?
-76
Evaluate (-6 - 7) + ((-12 - -6) + (-130 - -47) - -6).
-96
(-30 - 3) + 1516 + -1609
-126
What is -7 - ((3 - 22) + -2 + -1)?
15
What is the value of 90 + (8 - 57) + -8 + 91?
124
Evaluate 1 - (4 + 37) - -14.
-26
What is the value of -15 + 28 + -8 + -25 - 14?
-34
Calculate -6405 + 6445 - (157 + 4).
-121
Calculate (-11 - 41 - (8 - 1 - 6)) + 6.
-47
Calculate -18 - -24 - (0 + 2 + (-3 - (10 - 16))).
1
What is the value of -3822 - -3775 - (-22 + 0)?
-25
3 - (12 - -8) - (-9 + -4 - 107)
103
What is 17 + (-43 - -84) - 19?
39
-2 - ((2 - 1 - (-200 + 197)) + -9)
3
34 + -36 + -44 + 78
32
What is the value of -41 + 49 + 3 + 7?
18
Calculate -23 + 13 - ((66 - 4) + (5 - (1 - -12))).
-64
What is the value of 100 - 0 - (702 + -604)?
2
What is the value of -30 - 42 - -34 - (-2 + 1 - -5 - 1)?
-41
What is the value of 1 + -28 - (758 - 722)?
-63
What is the value of -3 + (3 - 23) + 76 + -92?
-39
What is -49 - (-2 + -18 + -64 + 59)?
-24
(2 - (-1 - (7 - 7))) + (3 - (27 - 29))
8
Evaluate 2 - (24 + 4 + -25 + 0).
-1
What is the value of 5 - (16 + -1 + -5) - (28 + -52) - -2?
21
(35 - 22) + -4 - (-1 + -25)
35
-4 + 10 + 0 + -30 - (-203 - -221)
-42
Evaluate 90 - (-43 + 124 - 26).
35
What is -9 + -3 + (0 - 2 - (232 - 234)) + 6?
-6
Calculate -32 + (4 - (6 + 4 + -6)) + 1 - -12.
-19
What is the value of (-3 - -3) + 0 + -34 + 43 + -57?
-48
What is the value of -38 + -4 + -4 + 0 - ((11 - -1) + -16)?
-42
Calculate 4 - (1 - (1 + -24)) - (-1032 - -1134).
-122
18 - (17 - (0 + 6)) - 22 - -13
-2
Calculate -1355 - -1344 - (-2 + -11 + 8).
-6
Evaluate -29 + 24 + 14 + -19 - (-1 - -65) - -1.
-73
Calculate -25 + -21 + 18 - (43 - 32).
-39
What is 1 + 1 - (-5285 - -5292)?
-5
Evaluate 20 - (-50 + -27 + 104).
-7
What is -1 + (2 - 0) + 2 + -335 + 216?
-116
Evaluate 1 + -143 - (8189 + -8199).
-132
Calculate 34 + 5 + 0 - (-17 - (8 + -22 + 4)).
46
What is the value of 14 + (32 - -36) + -73 + 1 + 122?
132
Calculate (1 - 3 - (-15 + 60 - 49)) + -17 + 2.
-13
Calculate (35 - 56 - (3 + -9)) + -61 - 0.
-76
What is the value of -59 + 103 + -78 - 32?
-66
Calculate 6 + 13 - (9 - (-16 - -9)).
3
(-10 - -16) + (4 - 3) - (60 + -4)
-49
What is the value of 14 - (21 + -3 + (37 - 89))?
48
What is -10 + -2 + -11 + 15 + (10 - 47) + -9?
-54
-45 - (-1893 - -1865 - (-40 - 0))
-57
Calculate -5 - (65 - 12 - -3) - (1 - 12).
-50
7 + -13 + -23 + 33 + (-1 + 1 - 0)
4
Calculate -20 + 31 - (-33 + -25 + 27).
42
(37 - (12 - (4 + -3))) + 12 + 0
38
What is the value of 2 + (-10 - -6 - 12) + -34?
-48
What is 65 + (-25 - -14) - 54?
0
What is the value of 11 - (-35 + (-10 - -6 - 5) + 1)?
54
What is 3 - (1 - 6 - (-2 + 39))?
45
Calculate 144 + (-128 - (-51 - 16)).
83
Evaluate -26 - (43 + -47) - 2.
-24
Calculate 21 + 10 + (-45 + 23 - -29).
38
Calculate 15 + (50 - 15 - 48).
2
What is 0 + 32 - (113 - (112 + 26))?
57
Evaluate -36 + ((-12 - -2) + (-93 - -108) - 10 - 1).
-42
What is the value of -11 - -1 - (-33 - -20) - (-56 - -15)?
44
Evaluate -24 + (34 - -1) + -19.
-8
What is the value of 123 - (19 - (2 + -57))?
49
What is the value of -4 - (1 + (-1 - -1)) - (-361 - -31 - -316)?
9
What is the value of -23 + (-13 + 0 - (20 + 12 + -36) - 1)?
-33
What is 2 - 2 - 48 - (1 - (-132 - -143))?
-38
Calculate -4 + -4 + -65 + 2 + (7 - 18 - -6).
-76
Calculate 21 - (2 - (31 + -18 + -27 - (-17 - 4))).
26
-63 + (1 - 0 - -5) + -397 + 379
-75
Calculate 377 + -445 + 175 + -19.
88
What is 39 + 2 + 2 - (88 + -78 - (3 - -12))?
48
Evaluate -7 - (22 - (7 - -7)) - -30.
15
Calculate -4 - -60 - (-57 + 77 + -23).
59
What is -156 + 46 + 45 - -18?
-47
(-17 + (-7 - -14) - -53) + -16 + 9
36
-49 + 9 + 45 + -6 + -28
-29
What is -56 - (-9 + 18 + -28 - -38) - (1 + 6)?
-82
-4 + 21 + -12 - (39 - 22